{"id":108,"date":"2025-07-27T00:29:37","date_gmt":"2025-07-27T05:29:37","guid":{"rendered":"https:\/\/research.ece.ncsu.edu\/impress\/?page_id=108"},"modified":"2025-07-27T00:29:37","modified_gmt":"2025-07-27T05:29:37","slug":"other-publications","status":"publish","type":"page","link":"https:\/\/research.ece.ncsu.edu\/impress\/other-publications\/","title":{"rendered":"Other Publications"},"content":{"rendered":"\n<div class=\"wp-block-columns is-layout-flex wp-container-core-columns-is-layout-9d6595d7 wp-block-columns-is-layout-flex\">\n<div class=\"wp-block-column is-layout-flow wp-block-column-is-layout-flow\" style=\"flex-basis:33.33%\">\n<div class=\"wp-block-columns is-layout-flex wp-container-core-columns-is-layout-9d6595d7 wp-block-columns-is-layout-flex\">\n<div class=\"wp-block-column is-layout-flow wp-block-column-is-layout-flow\">\n<div class=\"wp-block-columns is-layout-flex wp-container-core-columns-is-layout-9d6595d7 wp-block-columns-is-layout-flex\">\n<div class=\"wp-block-column is-layout-flow wp-block-column-is-layout-flow\" style=\"flex-basis:66.66%\">\n<figure class=\"wp-block-image size-full\"><img loading=\"lazy\" decoding=\"async\" width=\"977\" height=\"431\" src=\"https:\/\/research.ece.ncsu.edu\/impress\/wp-content\/uploads\/sites\/43\/2025\/07\/abstracts_orig.png\" alt=\"\" class=\"wp-image-109\" srcset=\"https:\/\/research.ece.ncsu.edu\/impress\/wp-content\/uploads\/sites\/43\/2025\/07\/abstracts_orig.png 977w, https:\/\/research.ece.ncsu.edu\/impress\/wp-content\/uploads\/sites\/43\/2025\/07\/abstracts_orig-300x132.png 300w, https:\/\/research.ece.ncsu.edu\/impress\/wp-content\/uploads\/sites\/43\/2025\/07\/abstracts_orig-768x339.png 768w\" sizes=\"auto, (max-width: 977px) 100vw, 977px\" \/><\/figure>\n<\/div>\n\n\n\n<div class=\"wp-block-column is-layout-flow wp-block-column-is-layout-flow\" style=\"flex-basis:33.33%\"><\/div>\n<\/div>\n<\/div>\n<\/div>\n<\/div>\n\n\n\n<div class=\"wp-block-column is-layout-flow wp-block-column-is-layout-flow\" style=\"flex-basis:66.66%\">\n<h3 class=\"wp-block-heading has-wolfpack-red-color has-text-color has-link-color wp-elements-9df645efde77775fab5bc6c643483265\"><strong>ABSTRACTS<\/strong><\/h3>\n\n\n\n<ol class=\"wp-block-list\">\n<li>Baray, Sriman Bidhan, Md Mehedi Farhad, Volkan Senyurek, Ali C. Gurbuz, and Mehmet Kurum. &#8220;Grid Size Optimization for Soil Moisture Estimation Using UAS-Based GNSS Reflectometry.&#8221; In\u00a0<em>2025 United States National Committee of URSI National Radio Science Meeting (USNC-URSI NRSM)<\/em>, pp. 37-37. IEEE, 2025.<\/li>\n\n\n\n<li>Skarke, Adam D., Ali Cafer Gurbuz, Volkan Senyurek, Sultan Manjur, Ramon Kalski, and Surabhi Gupta. &#8220;Automated Detection of Seafloor Gas Seeps with an Attention-Guided Convolutional Neural Network.&#8221; In\u00a0<em>AGU Fall Meeting Abstracts<\/em>, vol. 2024, no. 573, pp. OS43A-0573. 2024.<\/li>\n\n\n\n<li>Hodges, E., et.al. \u201cA Blended CYGNSS Soil Moisture Product Partitioned with Ancillary Data\u201d 2024 United States National Committee of URSI National Radio Science Meeting, USNC-URSI NRSM 2024 &#8211; Proceedings, p. 174.<\/li>\n\n\n\n<li>Alam, A.M., Farhad, M.M., Kurum, M., <strong>Gurbuz, A.<\/strong> \u201cAn Advanced Testbed for Passive\/Active Coexistence Research: A Comprehensive Framework for RFI Detection, Mitigation, and Calibration\u201d 2024 United States National Committee of URSI National Radio Science Meeting, USNC-URSI NRSM 2024 &#8211; Proceedings, p. 280.<\/li>\n\n\n\n<li>V. Senyurek, M. Rafi, M. Farhad, M. Kurum, <strong>A.C. Gurbuz<\/strong>, \u201c3-Year Agricultural Field Study for GNSS-R Based Soil Moisture Mapping\u201d, 2024 AI in Agriculture and Natural Resources Conference, Aril 2024, College Statition, TX, USA.<\/li>\n\n\n\n<li>M M Nabi, Volkan Senyurek, Fangni Lei, Mehmet Kurum,\u00a0<strong>Ali C. Gurbuz<\/strong>, \u201cEvaluation of Deep-Learning Approach for Quasi-Global Soil Moisture Retrieval using CYGNSS\u201d\u00a0<em>IEEE GNSS+R 2023<\/em>, Boulder, CO, USA<\/li>\n\n\n\n<li>Kurum, Mehmet,\u00a0Mehedi Farhad, Volkan Senyurek, and\u00a0<strong>Ali Gurbuz<\/strong>, \u201cEnabling subfield scale soil moisture mapping in near real-time by recycling L-band GNSS signals from drones\u201d.\u00a0<em>European Geophysical Union EGU23-10991. Copernicus Meetings<\/em>, 2023.<\/li>\n\n\n\n<li>M. Duck,\u00a0<strong>A. C. Gurbuz<\/strong>, A. Kurum, \u201cDesign and Implementation of a Ground Penetrating Radar (GPR) from an Unmanned Aircraft System (UAS)\u201d, in\u00a0<em>Proceedings of The USNC\/URSI Radio Science Meeting<\/em>, Boulder, CO (USA), Jan. 2022.<\/li>\n\n\n\n<li>Ahmed M. Alam,\u00a0<strong>A. Gurbuz<\/strong>, M. Kurum, \u201cDeep Learning Based RFI Detection and Mitigation for SMAP Using Convolutional Neural Networks\u201d,\u00a0<em>Radio Frequency Interference (RFI) workshop<\/em>, February 2022<\/li>\n\n\n\n<li>V. Senyurek, M. Farhad,\u00a0<strong>A. C. Gurbuz<\/strong>, M. Kurum, R. Moorhead, \u201cSoil Moisture Mapper: a GNSS-R approach for soil moisture retrieval on UAV\u201d\u00a0<em>AI for Agriculture and Food Systems 2022 Workshop<\/em>, March 2022<\/li>\n\n\n\n<li>O. Eroglu, D. R. Boyd,\u00a0<strong>A. C. Gurbuz<\/strong>, and M. Kurum, &#8220;Relating CYGNSS Observations to Soil Moisture Variations During The 2018 Hurricane Season,&#8221; presented In\u00a0<em>Proceedings of the USNC\/URSI Radio Science Meeting, Boulder<\/em>, CO (USA), Jan. 9\u201312, 2019.<\/li>\n\n\n\n<li>D. R. Boyd, M. Kurum, O. Eroglu,\u00a0<strong>A. C. Gurbuz<\/strong>, J. L. Garrison, B. Nold, J. Piepmeier, M. S. Vega, and R. Bindlish, &#8220;Investigation of Root-Zone Soil Moisture Profile Sensitivity to Multiple Signal of Opportunity Sources,&#8221; in\u00a0<em>Proceedings of the USNC\/URSI Radio Science Meeting<\/em>, Boulder, CO (USA), Jan. 9\u201312, 2019.<\/li>\n\n\n\n<li>M. Kurum,\u00a0<strong>A. C. Gurbuz<\/strong>, M. Scheider, C. Nelson, L. Orsini, &#8220;On the Feasibility of Environmental Monitoring via Interferometric Smartphone GNSS Reflectometry, &#8221; in\u00a0<em>Proceedings of The Institute of Navigation (ION)\u2019s Pacific PNT Conference<\/em>, Honolulu, HI, April. 8\u201311, 2019.<\/li>\n<\/ol>\n<\/div>\n<\/div>\n\n\n\n<div class=\"wp-block-columns is-layout-flex wp-container-core-columns-is-layout-9d6595d7 wp-block-columns-is-layout-flex\">\n<div class=\"wp-block-column is-layout-flow wp-block-column-is-layout-flow\" style=\"flex-basis:33.33%\">\n<div class=\"wp-block-columns is-layout-flex wp-container-core-columns-is-layout-9d6595d7 wp-block-columns-is-layout-flex\">\n<div class=\"wp-block-column is-layout-flow wp-block-column-is-layout-flow\" style=\"flex-basis:66.66%\">\n<figure class=\"wp-block-image size-full\"><img loading=\"lazy\" decoding=\"async\" width=\"314\" height=\"160\" src=\"https:\/\/research.ece.ncsu.edu\/impress\/wp-content\/uploads\/sites\/43\/2025\/07\/ctimg_orig.jpg\" alt=\"\" class=\"wp-image-110\" srcset=\"https:\/\/research.ece.ncsu.edu\/impress\/wp-content\/uploads\/sites\/43\/2025\/07\/ctimg_orig.jpg 314w, https:\/\/research.ece.ncsu.edu\/impress\/wp-content\/uploads\/sites\/43\/2025\/07\/ctimg_orig-300x153.jpg 300w\" sizes=\"auto, (max-width: 314px) 100vw, 314px\" \/><\/figure>\n<\/div>\n\n\n\n<div class=\"wp-block-column is-layout-flow wp-block-column-is-layout-flow\" style=\"flex-basis:33.33%\"><\/div>\n<\/div>\n<\/div>\n\n\n\n<div class=\"wp-block-column is-layout-flow wp-block-column-is-layout-flow\" style=\"flex-basis:66.66%\">\n<h3 class=\"wp-block-heading has-wolfpack-red-color has-text-color has-link-color wp-elements-2e847c55b5c55e8a5576b3d0db54b9ea\"><strong>TURKISH CONFERENCE PUBLICATIONS<\/strong><\/h3>\n\n\n\n<ol class=\"wp-block-list\">\n<li>Y. K. Alp, A. B. Korucu, A. T. Karabacak,\u00a0<strong>A. C. Gurbuz<\/strong>\u00a0and O. Ar\u0131kan, &#8220;Online calibration of Modulated Wideband Converter,&#8221; IEEE\u00a0<em>24th Signal Processing and Communication Application Conference (SIU)<\/em>, Zonguldak, 2016, pp. 913-916.<\/li>\n\n\n\n<li>I. E. Ortatatl\u0131, A. Orduy\u0131lmaz, M. Serin, O. \u00d6zdil, A. Y\u0131ld\u0131r\u0131m and\u00a0<strong>A. C. Gurbuz<\/strong>, &#8220;Real-time frequency parameter extraction for electronic support systems,&#8221; IEEE\u00a0<em>24th Signal Proc. and Communications Appl. Conf.<\/em>, Zonguldak, 2016, pp. 105-108<\/li>\n\n\n\n<li>A. Orduyilmaz, M. Serin, A. Yildirim, K. Ceyhan,\u00a0<strong>A. C. Gurbuz,\u00a0<\/strong>&#8220;Hybrid phase amplitude direction finding method,&#8221; IEEE\u00a0<em>23th Signal Proc. and Communications Appl. Conf.<\/em>, Malatya, 2015, pp. 109-112.<\/li>\n\n\n\n<li>B. Gunyel, R.G. Cinbis, S. Ture,\u00a0<strong>A. C.<\/strong>\u00a0<strong>Gurbuz,\u00a0<\/strong>&#8220;Hyperspectral target detection &#8211; An experimental study,&#8221; IEEE\u00a0<em>23th Signal Proc. and Communications Appl. Conf.<\/em>, Malatya, 2015, pp. 2627-2630.<\/li>\n\n\n\n<li>C. Aydemir,\u00a0<strong>A. C. Gurbuz,<\/strong>\u00a0I.Bahceci, &#8220;Non-Linear junction detectors: Experimental performance analysis,&#8221; IEEE\u00a0<em>23th Signal Proc. and Communications Appl. Conf.<\/em>, Malatya, 2015, pp. 2278-2281.<\/li>\n\n\n\n<li>I. Ilhan,\u00a0<strong>A. C. Gurbuz,<\/strong>\u00a0&#8220;Finding sparse parametric shapes from low number of image measurements,&#8221; IEEE\u00a0<em>23th Signal Proc. and Communications Appl. Conf.<\/em>, Malatya, 2015, pp. 2314-2317.<\/li>\n\n\n\n<li>S.B. Akdemir, A Orduyilmaz,\u00a0<strong>A. C. Gurbuz<\/strong>, A Yildirim, \u201cAnalysis of frequency modulated continuous wave signals using time-frequency domain shape features,\u201d IEEE\u00a0<em>22nd Signal Processing and Communications Applications Conference (SIU)<\/em>, Trabzon, 2014.<\/li>\n\n\n\n<li>O. Teke, O. Arikan,\u00a0<strong>A. C. Gurbuz<\/strong>, \u201cA recursive approach to reconstruction of sparse signals,\u201d\u00a0<em>IEEE 22nd Signal Processing and Communications Applications Conference (SIU)<\/em>, Trabzon, 2014.<\/li>\n\n\n\n<li>C. Karabacak, S.Z. Gurbuz,\u00a0<strong>A. C. Gurbuz<\/strong>, \u201cAutomatic human activity classification using radar,\u201d\u00a0<em>IEEE 22nd Signal Processing and Communications Applications Conference (SIU),<\/em>\u00a0Trabzon, 2014.<\/li>\n\n\n\n<li>B. Erol, C. Karabacak, S.Z. Gurbuz,\u00a0<strong>A. C. Gurbuz<\/strong>, \u201cRadar simulation of different human activities via Kinect\u201d\u00a0<em>IEEE 22nd Signal Processing and Communications Appl. Conference (SIU),<\/em>\u00a0Trabzon, 2014.<\/li>\n\n\n\n<li>R.T. Albayrak,\u00a0<strong>A. C. Gurbuz<\/strong>, B. Gunyel, \u201cCompressed sensing based hyperspectral unmixing,\u201d\u00a0<em>IEEE 22nd Signal Processing and Communications Applications Conference (SIU),<\/em>\u00a0Trabzon, 2014.<\/li>\n\n\n\n<li>A. Orduyilmaz, M. Serin,\u00a0<strong>A. C. Gurbuz<\/strong>, A. Yildirim, \u201cPassive direction finding using amplitude and phase comparison techniques,\u201d\u00a0<em>IEEE 22nd Signal Processing and Communications Applications Conference (SIU),<\/em>\u00a0Trabzon, 2014.<\/li>\n\n\n\n<li>A. Ataman, B. Tekeli,\u00a0<strong>A. C. Gurbuz,\u00a0<\/strong>\u201cDevelopment of A Stepped Frequency GPR Prototype,\u201d\u00a0<em>IEEE 21st Signal Processing and Communications Appl. Conference (SIU)<\/em>, Cyprus, April 24-26, 2013.<\/li>\n\n\n\n<li>C. Karabacak, S. Z. Gurbuz,\u00a0<strong>A. C.<\/strong>\u00a0<strong>Gurbuz,<\/strong>\u00a0\u201cRadar Simulation of Human Micro-Doppler Signature from Video Motion Capture Data,\u201d IEEE<em>\u00a021st Signal Processing and Communications Applications Conference (SIU)<\/em>, Cyprus, April 24-26, 2013.<\/li>\n\n\n\n<li>O. Teke, O. Arikan,\u00a0<strong>A. C. Gurbuz,<\/strong>\u00a0\u201cCompressive Sensing Based Target Detection in Delay-Doppler Radars,\u201d\u00a0<em>IEEE 21st Signal Processing and Communications Applications Conference (SIU)<\/em>, Cyprus April 24-26, 2013.<\/li>\n\n\n\n<li>O. Teke,\u00a0<strong>A. C.<\/strong>\u00a0<strong>Gurbuz,\u00a0<\/strong>and O. Arikan, \u201cA new OMP technique for sparse recovery,\u201d\u00a0<em>IEEE\u00a0 20th Signal Processing and Communications Applications Conference (SIU),<\/em>\u00a0Fethiye, Turkey, 2012.<\/li>\n\n\n\n<li>C. Karakus,\u00a0<strong>A. C.<\/strong>\u00a0<strong>Gurbuz,\u00a0<\/strong>and B. Tavli, \u201cEfficiency of Compressive Sensing on the lifetime of Wireless Sensor Networks,\u201d\u00a0<em>IEEE 20th Signal Processing and Communications Applications Conference (SIU),<\/em>\u00a0Fethiye, Turkey, 2012.<\/li>\n\n\n\n<li>M. Duman and\u00a0<strong>A. C. Gurbuz<\/strong>, \u201cThrough the wall imaging with Compressive Sensing and effects of unknown parameters to the performance,\u201d\u00a0<em>IEEE 20th Signal Processing and Communications Applications Conference (SIU)<\/em>, Fethiye, Turkey, 2012.<\/li>\n\n\n\n<li>H. Ilbegi and\u00a0<strong>A. C. Gurbuz<\/strong>, \u201cDemosaicking with compressive sensing,\u201d\u00a0<em>IEEE 20th Signal Processing and Communications Applications Conference (SIU),\u00a0<\/em>Fethiye, Turkey, 2012.<\/li>\n\n\n\n<li>\u00a0S. Ugur, O. Arikan,\u00a0<strong>A. C. Gurbuz<\/strong>, \u201cSAR image reconstruction by EMMP algorithm,\u201d\u00a0<em>IEEE 20th Signal Processing and Communications Applications Conference (SIU),\u00a0<\/em>Fethiye, Turkey, 2012.<\/li>\n\n\n\n<li>M. C. Aktas and\u00a0<strong>A. C. Gurbuz<\/strong>, \u201cRecognition of stagger pulse repetition interval for electronic support systems,\u201d IEEE 20th Signal Processing and Communications Applications Conference (SIU), Fethiye, Turkey, 2012.<\/li>\n\n\n\n<li>M. A. C. Tuncer and\u00a0<strong>A. C. Gurbuz<\/strong>, &#8220;Surface reflection removal in compressed sensing GPR and sparse subsurface imaging,&#8221;\u00a0<em>IEEE 19th Signal Proc. and Communications Appl. Conference (SIU),\u00a0<\/em>Antalya, 2011, pp. 166-169.<\/li>\n\n\n\n<li>M. Duman and\u00a0<strong>A. C. Gurbuz<\/strong>, &#8220;Developing data simulation platform and signal processing technics for ground penetrating radar,&#8221;\u00a0<em>IEEE 19th Signal Proc. and Communications Appl. Conference (SIU)<\/em>, Antalya, 2011, pp. 190-193.<\/li>\n\n\n\n<li><strong>A. C. Gurbuz<\/strong>, M. Pilanc\u0131 and O. Ar\u0131kan, &#8220;Sparse signal reconstruction with ellipsoid enlargement,&#8221;\u00a0<em>IEEE 19th Signal Proc. and Communications Appl. Conference (SIU)<\/em>, Antalya, 2011, pp. 793-796.<\/li>\n\n\n\n<li>C. Karaku\u015f and\u00a0<strong>A. C. Gurbuz<\/strong>, &#8220;Comparison of iterative sparse recovery algorithms,&#8221;\u00a0<em>IEEE 19th Signal Processing and Communications Applications Conference (SIU),\u00a0<\/em>Antalya, 2011, pp. 857-860.<\/li>\n\n\n\n<li>M.A. Tuncer and\u00a0<strong>A. C. Gurbuz<\/strong>, &#8220;Sparsity enhanced fast subsurface imaging for stepped frequency GPRs,&#8221;\u00a0<em>IEEE 18th Signal Proc. and Communications Appl. Conf.<\/em>, Diyarbakir, 2010, pp. 443-446.<\/li>\n\n\n\n<li>L. Ayas and\u00a0<strong>A. C. Gurbuz<\/strong>, &#8220;Analysis of required measurement number in compressive sensing,&#8221;\u00a0<em>IEEE 18th Signal Proc. and Communications Appl. Conf.<\/em>, Diyarbakir, 2010, pp. 914-917.<\/li>\n\n\n\n<li><strong>A. C. Gurbuz<\/strong>, J. H. McClellan and W. R. Scott, &#8220;Detecting Features using Random Sample Theory,&#8221;\u00a0<em>IEEE 15th Signal Proc. and Communications Appl. Conf.<\/em>, Eskisehir, 2007, pp. 1-4.<\/li>\n\n\n\n<li><strong>A. C. Gurbuz<\/strong>, J. H. McClellan and W. R. Scott, &#8220;Locating Subsurface Targets Using Minimal GPR Measurements<em>,&#8221; IEEE 14th Signal Proc. and Communications Appl. Conf.<\/em>, Antalya, 2006, pp. 1-4.<\/li>\n\n\n\n<li><strong>A. C. Gurbuz<\/strong>, J. H. McClellan, W. R. Scott and G. D. Larson, &#8220;Seismic Imaging and Detection of Underground Tunnels,&#8221;\u00a0<em>IEEE 14th Signal Proc. and Communications Appl.<\/em>, Antalya, 2006, pp. 1-4.<\/li>\n<\/ol>\n<\/div>\n<\/div>\n\n\n\n<p><\/p>\n","protected":false},"excerpt":{"rendered":"<p>ABSTRACTS TURKISH CONFERENCE PUBLICATIONS<\/p>\n","protected":false},"author":152,"featured_media":0,"parent":0,"menu_order":0,"comment_status":"closed","ping_status":"closed","template":"page-fullwidth.php","meta":{"footnotes":""},"class_list":["post-108","page","type-page","status-publish","hentry"],"_links":{"self":[{"href":"https:\/\/research.ece.ncsu.edu\/impress\/wp-json\/wp\/v2\/pages\/108","targetHints":{"allow":["GET"]}}],"collection":[{"href":"https:\/\/research.ece.ncsu.edu\/impress\/wp-json\/wp\/v2\/pages"}],"about":[{"href":"https:\/\/research.ece.ncsu.edu\/impress\/wp-json\/wp\/v2\/types\/page"}],"author":[{"embeddable":true,"href":"https:\/\/research.ece.ncsu.edu\/impress\/wp-json\/wp\/v2\/users\/152"}],"replies":[{"embeddable":true,"href":"https:\/\/research.ece.ncsu.edu\/impress\/wp-json\/wp\/v2\/comments?post=108"}],"version-history":[{"count":1,"href":"https:\/\/research.ece.ncsu.edu\/impress\/wp-json\/wp\/v2\/pages\/108\/revisions"}],"predecessor-version":[{"id":112,"href":"https:\/\/research.ece.ncsu.edu\/impress\/wp-json\/wp\/v2\/pages\/108\/revisions\/112"}],"wp:attachment":[{"href":"https:\/\/research.ece.ncsu.edu\/impress\/wp-json\/wp\/v2\/media?parent=108"}],"curies":[{"name":"wp","href":"https:\/\/api.w.org\/{rel}","templated":true}]}}